of (27/(-4))/v*16?
2
Let o(g) = 4*g - 6. Let i be o(2). Suppose i*p - 106 = -2*v - 2*p, -121 = -2*v + p. What is the tens digit of v?
5
Suppose 3*t + 35 = 5*w - 2, 0 = 2*w + 4*t + 6. Suppose w*k - 4*k = 1. Let v(l) = 10*l**3 + l**2 - l + 1. What is the units digit of v(k)?
1
Let o = 1921 + -1790. What is the tens digit of o?
3
Suppose 2 = 3*d + 11, 0 = 3*x - d + 2874. Let l = x - -1939. What is the tens digit of l/21 - (-1)/3?
4
Let n = -5 + 8. Let u(y) = y + y + 27*y**2 - n*y. What is the tens digit of u(1)?
2
Let f(u) = -u**3 + 9*u**2 + 18*u - 2. Let g be f(10). Let d = -57 + g. What is the tens digit of d?
2
What is the units digit of (324/(-30))/(4/(-10))?
7
What is the thousands digit of (82/4)/(6*10/3840)?
1
Let k be (-10)/(-45) + (-628)/(-9). Suppose 3*r - k = r - 4*g, 0 = -3*r + 3*g + 150. What is the units digit of r?
5
Let q(u) be the third derivative of -u**5/60 - u**4/4 - u**3 + 8*u**2. Let f be q(-5). What is the units digit of -5 + 1 - (f - 11)?
8
Let i(a) = -a**2 + a + 2. Let p be i(2). Let t(k) = -10 + p - 1 + 5*k + k. What is the tens digit of t(9)?
4
Let p(a) = -17*a**3 - 3*a**2 + 7*a + 7. What is the hundreds digit of p(-3)?
4
Let i(y) = -7*y + 3. Let w = -9 - 4. What is the tens digit of i(w)?
9
Let r(n) = -n**3 + n**2 - 12. Let k be r(0). Let c = k + 30. Suppose w - c - 3 = 0. What is the tens digit of w?
2
Suppose 7*y = 5*y + 116. Suppose 0*f + 5*w = f - y, 3*w = -3. What is the units digit of f?
3
Let t(b) = b**2 - 6*b + 46. What is the tens digit of t(5)?
4
Let z = -22 + 47. Suppose 18 + 5 = 2*u - 5*x, -5*x = -z. Suppose 8 = -n + u. What is the tens digit of n?
1
What is the units digit of (128/(-16) + -409)*(-5)/1?
5
Let x(b) = -b + 9. Let q be x(8). Let d(z) = 105*z**2 - z + 1. Let j be d(q). Suppose 4*r - k - j = -r, -20 = -4*k. What is the units digit of r?
2
Suppose -k + 4 = -0*k. Suppose -214 = -3*x - k*l, 26 = -4*x - 4*l + 310. What is the tens digit of x?
7
What is the tens digit of (-1396)/(-6)*(-126)/(-84)?
4
Let d = -8 - -10. Let j(f) = 4*f**3 - 2*f**2 + f - 1. Let a be j(d). Let q = a - -9. What is the units digit of q?
4
Suppose -2*q + 6*q - 8714 = -5*l, 3*l - 5227 = -q. What is the tens digit of l?
4
Suppose 0 = 4*c - 0*c + 5*g - 1, c = 2*g + 10. Suppose 0 = c*t - 3*s - 5, 35 = -0*t + 5*t + 2*s. Suppose -4*j + t = -19. What is the units digit of j?
6
Let d = -12 - -16. Suppose -61 = -y - 2*h, d*h + 159 - 53 = 2*y. What is the units digit of y?
7
Suppose -10 = -2*y - i, 3*i = -0*y + y - 12. Let s(a) = 2*a**3 - 3*a**2 + a + 7. What is the units digit of s(y)?
7
Suppose -3 - 1 = -2*k. Suppose 3*w + r - 80 = 0, k*w - w = -3*r + 32. What is the units digit of (3 - 4)*-1*w?
6
Suppose -5*s - k + 2505 = 2*k, s = -4*k + 518. What is the tens digit of s?
9
Suppose -3*x + 20 = -4*x. Let w = 24 + x. Suppose -d + 17 = o - 5*d, -4*o - 12 = w*d. What is the units digit of o?
1
What is the tens digit of (10/8 + -1)/((-222)/(-3147960))?
4
Let b be ((3 - 3)/1)/(-2). Suppose -5*l - 18 = j, j = -b*j + l. Let p(r) = -2*r**3 - 4*r**2 - 3*r + 3. What is the tens digit of p(j)?
3
Let w(v) = v + 25. Let f be w(-11). Suppose 9*i + 135 = f*i. What is the tens digit of i?
2
Suppose -600 = 2*t - 6*t. Let r = -63 + t. What is the tens digit of r?
8
Let u be (80/(-14))/(12/(-42)). Let q = 34 - u. What is the tens digit of q?
1
Suppose 5*j = 632 + 48. What is the units digit of j?
6
Suppose 2650 - 650 = 3*q + 5*s, -2*q + 3*s + 1365 = 0. What is the tens digit of q?
7
Let y = 1207 + -563. What is the tens digit of y?
4
Suppose -3*r + 2*h + 2548 = 0, 0 = 3*h - h + 4. What is the tens digit of r?
4
Let w be ((-2)/(-8))/(1/4). Let c(v) = 38*v. Let x be c(w). Let t = x - 16. What is the tens digit of t?
2
Suppose 18*v = 14*v - 348. Let t = 173 + v. What is the units digit of t?
6
Let d(g) = -g**3 - 13*g**2 - 14*g - 17. Let o be d(-12). Suppose 2*v - o*v = -150. What is the units digit of v?
0
Suppose 4*n - 6573 = -11*a + 12*a, -n = 2*a - 1641. What is the tens digit of n?
4
Let i(a) = -107*a + 168. What is the hundreds digit of i(-18)?
0
What is the hundreds digit of 2 + 4 - (0 - 1350)?
3
Suppose -11 + 51 = 2*x. Let z be (6/(-8))/(x/80). What is the units digit of (-10)/30 - 16/z?
5
Suppose -5*s = -2*a + 34, s + 2*a + 5 = 3*a. What is the units digit of s*6/(6/(-3))?
4
Let i = 485 + 1064. What is the thousands digit of i?
1
Suppose 4*l = -w + 5*w + 1300, -5*w + 1007 = 3*l. What is the hundreds digit of l?
3
What is the thousands digit of ((-1)/3 - 4)/((-1)/300)?
1
Suppose -4*u - 5*d = -5648, -13*u + 10*u + 5*d + 4271 = 0. What is the tens digit of u?
1
Let s(h) = 9*h**2 + 9*h + 10. What is the units digit of s(-8)?
4
What is the tens digit of 2*(-3819)/(-90) - (-2)/15?
8
Let d = 271 - 251. What is the tens digit of d?
2
Let y(l) = -l**2 - 6*l + 4. Let c be y(-5). Let p = 9 - c. Suppose 2*n - 4 = 2*q + 24, p = -4*n + q + 53. What is the units digit of n?
3
Suppose -2*m + 57 = 55. What is the tens digit of (m + 1/(-3))/((-3)/(-342))?
7
Suppose 2*v + 3*r = -v - 51, -r + 19 = -2*v. Let z = v - -21. What is the units digit of z?
9
Suppose -11*o = -9*o - 130. Suppose 2*m - 61 = 2*g + 29, -4*g + o = m. What is the units digit of m?
9
Let w(m) = -3*m + 0*m**2 + 2*m**2 - 8 + 13*m + 1. Let f be w(-5). What is the tens digit of (-121)/f + 6/(-21)?
1
Suppose -3266 = -2*d + g + g, 2*g + 8 = 0. What is the units digit of d?
9
Let p(t) = 25*t - 4. Let u be p(2). Suppose -8*x - 8 = -824. Let s = x - u. What is the units digit of s?
6
Let j = 467 - 239. What is the units digit of (2/4)/(((-14)/j)/(-7))?
7
Suppose 0 = -2*u - 4, -4*u = d + 2*d + 56. Let g = d + 20. Suppose 2*m = -5*k + 93, 0 = 3*m + g*k + 31 - 167. What is the units digit of m?
4
Suppose 0 = 4*h - 22 - 778. What is the units digit of h?
0
Let p(y) = -5*y**2 - 29*y - 30. Let c(m) = 4*m**2 + 28*m + 29. Let h(r) = -3*c(r) - 2*p(r). What is the tens digit of h(-11)?
1
Let t(h) = -h - 20. Let s be t(-6). Let r(a) = 4*a**3 + 2*a**2 - 3*a + 1. Let z be r(2). Let o = z + s. What is the units digit of o?
1
Suppose 11*g - 3456 = -g. What is the tens digit of g?
8
Let c(p) = 14*p - 179. What is the units digit of c(19)?
7
Suppose 478 = 5*a - 3*n, -19 - 455 = -5*a + 4*n. What is the tens digit of a?
9
Suppose 4*p - 4781 = -4389. What is the tens digit of p?
9
Let u = -176 - -2722. What is the tens digit of 1/3 + u/57?
4
Suppose 0 = 4*b + 2*b - 3816. What is the hundreds digit of b?
6
Let z(m) = 2*m + 3. Let x be z(1). Suppose 45 - 15 = x*t. What is the units digit of t?
6
Suppose -j - 5 = -2*j. Suppose -c + 5 = j*d - 39, -4*c - 3*d = -193. Suppose r - 2*a = 11, -2*r + 0*a + c = 5*a. What is the tens digit of r?
1
Suppose 8*g + 1985 = 6545. What is the units digit of g?
0
Let j = -42 - -104. Let z(f) = -f**3 + 5*f**2 - 2*f + 10. Let t be z(5). Suppose -s = -t*s - j. What is the tens digit of s?
6
Let q(z) = -z + 16. Let g be q(13). Suppose v - 3*v = 5*m + g, -5*v = 4*m - 1. Suppose s - 16 = -v. What is the units digit of s?
5
Suppose 0 = -53*o + 46*o + 3549. What is the tens digit of o?
0
Let c = -10 - -257. What is the units digit of c?
7
Let u(i) = -9*i - 44. Let v = -10 - 15. What is the hundreds digit of u(v)?
1
Let p be -1*0/(-3 - -4). Let q = p + -2. What is the units digit of 1 + q/((-8)/44)?
2
Let f = -394 - -735. What is the tens digit of f?
4
Suppose -4*h - 1 = -9. Suppose -3*t = 5*p - 75, -2*p + 12 + 18 = 3*t. Suppose a + 4*k + 0 = 24, h*a = 3*k + p. What is the tens digit of a?
1
Suppose -5 = 9*v - 8*v. Let d(a) = -47*a - 13. What is the tens digit of d(v)?
2
Let i(k) = 28*k**2 + k - 3. Let t = 22 + -24. What is the hundreds digit of i(t)?
1
Let q(j) = -14*j - 3. Let g be q(-2). Suppose 6*d + g = 11*d. Suppose d*b = 2*b + 132. What is the units digit of b?
4
Let l(u) = -30*u + 82. What is the hundreds digit of l(-7)?
2
Suppose 3*c - 110 = 3*j - 4*j, j - 3*c = 80. Suppose -2*y - t + 48 = -j, -207 = -3*y - 4*t. What is the tens digit of y?
7
Let q(f) = 2*f. Let l(j) = -3*j - 25. Let w(p) = -l(p) - 5*q(p). What is the units digit of w(3)?
4
Let k = 13 + -17. What is the units digit of k/(-3)*(-2 - -8)?
8
Let q = 63 + 499. What is the tens digit of q?
6
Suppose -40*p + 26*p + 18732 = 0. What is the tens digit of p?
3
Suppose 10*s - 15004 = 3776. What is the hundreds digit of s?
8
Let r(q) = -10